{"id":1353,"date":"2023-11-20T20:55:54","date_gmt":"2023-11-20T20:55:54","guid":{"rendered":"https:\/\/ansiedadcero.net\/index.php\/product\/album\/"},"modified":"2024-07-09T08:32:58","modified_gmt":"2024-07-09T08:32:58","slug":"album","status":"publish","type":"product","link":"https:\/\/ansiedadcero.net\/index.php\/product\/album\/","title":{"rendered":"Ba\u00f1o de Gong"},"content":{"rendered":"<p>El ba\u00f1o de gong es una experiencia profunda y transformadora dentro del vasto campo de la terapia de sonido. Consiste en sumergirse en una inmersi\u00f3n sonora donde los tonos y vibraciones de los gongs resuenan en todo el cuerpo, creando un entorno propicio para la relajaci\u00f3n, la sanaci\u00f3n y la expansi\u00f3n de la conciencia.<\/p>\n<p>Los participantes suelen acostarse en el suelo, sobre colchonetas o mantas, permitiendo que las vibraciones del gong se transmitan a trav\u00e9s de todo su cuerpo y as\u00ed ayudar a aliviar el estr\u00e9s y la tensi\u00f3n acumulados.<\/p>\n<p>El ba\u00f1o de gong es m\u00e1s que una experiencia auditiva; es una inmersi\u00f3n completa en las vibraciones sonoras que puede tener efectos beneficiosos para la mente, el cuerpo y el esp\u00edritu.<\/p>\n<p>&nbsp;<\/p>\n<p>&nbsp;<\/p>\n","protected":false},"excerpt":{"rendered":"<p>Ba\u00f1o de Gong<\/p>\n","protected":false},"featured_media":1388,"comment_status":"open","ping_status":"closed","template":"","meta":{"site-sidebar-layout":"default","site-content-layout":"default","ast-global-header-display":"","ast-banner-title-visibility":"","ast-main-header-display":"","ast-hfb-above-header-display":"","ast-hfb-below-header-display":"","ast-hfb-mobile-header-display":"","site-post-title":"","ast-breadcrumbs-content":"","ast-featured-img":"","footer-sml-layout":"","theme-transparent-header-meta":"default","adv-header-id-meta":"","stick-header-meta":"","header-above-stick-meta":"","header-main-stick-meta":"","header-below-stick-meta":"","_joinchat":[]},"product_cat":[23],"product_tag":[24],"class_list":["post-1353","product","type-product","status-publish","has-post-thumbnail","hentry","product_cat-terapia","product_tag-bano-de-gong","desktop-align-left","tablet-align-left","mobile-align-left"],"aioseo_notices":[],"_links":{"self":[{"href":"https:\/\/ansiedadcero.net\/index.php\/wp-json\/wp\/v2\/product\/1353"}],"collection":[{"href":"https:\/\/ansiedadcero.net\/index.php\/wp-json\/wp\/v2\/product"}],"about":[{"href":"https:\/\/ansiedadcero.net\/index.php\/wp-json\/wp\/v2\/types\/product"}],"replies":[{"embeddable":true,"href":"https:\/\/ansiedadcero.net\/index.php\/wp-json\/wp\/v2\/comments?post=1353"}],"wp:featuredmedia":[{"embeddable":true,"href":"https:\/\/ansiedadcero.net\/index.php\/wp-json\/wp\/v2\/media\/1388"}],"wp:attachment":[{"href":"https:\/\/ansiedadcero.net\/index.php\/wp-json\/wp\/v2\/media?parent=1353"}],"wp:term":[{"taxonomy":"product_cat","embeddable":true,"href":"https:\/\/ansiedadcero.net\/index.php\/wp-json\/wp\/v2\/product_cat?post=1353"},{"taxonomy":"product_tag","embeddable":true,"href":"https:\/\/ansiedadcero.net\/index.php\/wp-json\/wp\/v2\/product_tag?post=1353"}],"curies":[{"name":"wp","href":"https:\/\/api.w.org\/{rel}","templated":true}]}}