{"id":1471,"date":"2024-02-26T02:06:09","date_gmt":"2024-02-26T02:06:09","guid":{"rendered":"https:\/\/ansiedadcero.net\/?post_type=product&#038;p=1471"},"modified":"2024-02-26T02:06:09","modified_gmt":"2024-02-26T02:06:09","slug":"campanilla-zaphir","status":"publish","type":"product","link":"https:\/\/ansiedadcero.net\/index.php\/product\/campanilla-zaphir\/","title":{"rendered":"Campanilla Zaphir"},"content":{"rendered":"<div class=\"flex flex-grow flex-col max-w-full\">\n<div class=\"min-h-[20px] text-message flex flex-col items-start gap-3 whitespace-pre-wrap break-words [.text-message+&amp;]:mt-5 overflow-x-auto\" data-message-author-role=\"assistant\" data-message-id=\"05d81112-8e65-4a8b-8546-29133b979f76\">\n<div class=\"markdown prose w-full break-words dark:prose-invert light\">\n<p>Campanilla Zaphir, una experiencia sonora \u00fanica que te conecta con los ritmos de la naturaleza. Inspirados con las estaciones del a\u00f1o ofrece una afinaci\u00f3n mel\u00f3dica que evoca la esencia misma de los elementos.<\/p>\n<p>Estas campanas emiten matices ricos y armoniosos que recuerdan la coexistencia de los elementos en la esfera sublunar. Visualiza el equilibrio elemental puro, la dicha, el yin y el yang en forma s\u00f3nica, creando una experiencia auditiva que nutre el alma.<\/p>\n<p>Cada timbre de Zaphir est\u00e1 meticulosamente construido con ocho p\u00faas de metal unidas a una base de metal dentro de un tubo resonante de bamb\u00fa. Con m\u00e1s de 20 a\u00f1os de experiencia en la creaci\u00f3n y experimentaci\u00f3n con campanillas.<\/p>\n<p>Las campanillas Zaphir son m\u00e1s que simples instrumentos; son portales hacia la armon\u00eda y la sanaci\u00f3n sonora. Perfectos para ba\u00f1os de sonido y sanadores de sonido, estos chimes te invitan a sumergirte en un viaje de bienestar y conexi\u00f3n con la naturaleza.<\/p>\n<p>Explora la magia y d\u00e9jate llevar por su melod\u00eda. \u00a1Ordena hoy y emb\u00e1rcate en un viaje hacia la plenitud y la armon\u00eda elemental con The Inspiratiom!<\/p>\n<\/div>\n<\/div>\n<\/div>\n<div class=\"mt-1 flex justify-start gap-3 empty:hidden\">\n<div class=\"text-gray-400 flex self-end lg:self-center justify-center lg:justify-start mt-0 -ml-1 visible\"><\/div>\n<\/div>\n<div class=\"flex\"><\/div>\n","protected":false},"excerpt":{"rendered":"<p>Campanilla Zaphir, una experiencia sonora \u00fanica que te conecta con los ritmos de la naturaleza. Inspirados con las estaciones del a\u00f1o ofrece una afinaci\u00f3n mel\u00f3dica que evoca la esencia misma de los elementos. Estas campanas emiten matices ricos y armoniosos que recuerdan la coexistencia de los elementos en la esfera sublunar. Visualiza el equilibrio elemental &hellip;<\/p>\n<p class=\"read-more\"> <a class=\"\" href=\"https:\/\/ansiedadcero.net\/index.php\/product\/campanilla-zaphir\/\"> <span class=\"screen-reader-text\">Campanilla Zaphir<\/span> Read More &raquo;<\/a><\/p>\n","protected":false},"featured_media":1494,"comment_status":"open","ping_status":"closed","template":"","meta":{"site-sidebar-layout":"default","site-content-layout":"default","ast-global-header-display":"","ast-banner-title-visibility":"","ast-main-header-display":"","ast-hfb-above-header-display":"","ast-hfb-below-header-display":"","ast-hfb-mobile-header-display":"","site-post-title":"","ast-breadcrumbs-content":"","ast-featured-img":"","footer-sml-layout":"","theme-transparent-header-meta":"default","adv-header-id-meta":"","stick-header-meta":"","header-above-stick-meta":"","header-main-stick-meta":"","header-below-stick-meta":"","_joinchat":[]},"product_cat":[15],"product_tag":[],"class_list":["post-1471","product","type-product","status-publish","has-post-thumbnail","hentry","product_cat-uncategorized","desktop-align-left","tablet-align-left","mobile-align-left"],"aioseo_notices":[],"_links":{"self":[{"href":"https:\/\/ansiedadcero.net\/index.php\/wp-json\/wp\/v2\/product\/1471"}],"collection":[{"href":"https:\/\/ansiedadcero.net\/index.php\/wp-json\/wp\/v2\/product"}],"about":[{"href":"https:\/\/ansiedadcero.net\/index.php\/wp-json\/wp\/v2\/types\/product"}],"replies":[{"embeddable":true,"href":"https:\/\/ansiedadcero.net\/index.php\/wp-json\/wp\/v2\/comments?post=1471"}],"wp:featuredmedia":[{"embeddable":true,"href":"https:\/\/ansiedadcero.net\/index.php\/wp-json\/wp\/v2\/media\/1494"}],"wp:attachment":[{"href":"https:\/\/ansiedadcero.net\/index.php\/wp-json\/wp\/v2\/media?parent=1471"}],"wp:term":[{"taxonomy":"product_cat","embeddable":true,"href":"https:\/\/ansiedadcero.net\/index.php\/wp-json\/wp\/v2\/product_cat?post=1471"},{"taxonomy":"product_tag","embeddable":true,"href":"https:\/\/ansiedadcero.net\/index.php\/wp-json\/wp\/v2\/product_tag?post=1471"}],"curies":[{"name":"wp","href":"https:\/\/api.w.org\/{rel}","templated":true}]}}